 when 109488 is divided by 100?
88
What is the remainder when 224276 is divided by 1637?
7
What is the remainder when 20512 is divided by 10251?
10
Calculate the remainder when 4528946 is divided by 1724.
1722
Calculate the remainder when 10562 is divided by 199.
15
Calculate the remainder when 5977 is divided by 264.
169
What is the remainder when 116153 is divided by 43?
10
What is the remainder when 1468 is divided by 231?
82
Calculate the remainder when 74645 is divided by 66.
65
Calculate the remainder when 25066 is divided by 17.
8
Calculate the remainder when 52607 is divided by 4046.
9
Calculate the remainder when 189122 is divided by 17.
14
Calculate the remainder when 15940 is divided by 149.
146
Calculate the remainder when 2078 is divided by 378.
188
What is the remainder when 753 is divided by 124?
9
What is the remainder when 262833 is divided by 11?
10
What is the remainder when 342552 is divided by 15?
12
What is the remainder when 387010 is divided by 72?
10
Calculate the remainder when 153199 is divided by 7.
4
Calculate the remainder when 20736 is divided by 68.
64
What is the remainder when 18173 is divided by 161?
141
Calculate the remainder when 140 is divided by 37.
29
Calculate the remainder when 47654 is divided by 703.
553
Calculate the remainder when 2055 is divided by 561.
372
What is the remainder when 386787 is divided by 13?
11
What is the remainder when 2265898 is divided by 249?
247
What is the remainder when 637243 is divided by 315?
313
Calculate the remainder when 985 is divided by 356.
273
Calculate the remainder when 311571 is divided by 713.
703
What is the remainder when 164968 is divided by 26?
24
What is the remainder when 20936 is divided by 6943?
107
Calculate the remainder when 34214 is divided by 61.
54
What is the remainder when 9173 is divided by 6?
5
Calculate the remainder when 1561 is divided by 791.
770
What is the remainder when 85081 is divided by 2836?
1
What is the remainder when 389 is divided by 57?
47
What is the remainder when 359768 is divided by 10902?
2
What is the remainder when 37403 is divided by 445?
23
Calculate the remainder when 162012 is divided by 405.
12
What is the remainder when 6269 is divided by 1864?
677
What is the remainder when 58016 is divided by 58009?
7
What is the remainder when 5036 is divided by 473?
306
What is the remainder when 8699 is divided by 2883?
50
Calculate the remainder when 19421 is divided by 6462.
35
Calculate the remainder when 53634 is divided by 26.
22
What is the remainder when 14398 is divided by 9?
7
What is the remainder when 95839 is divided by 28?
23
Calculate the remainder when 12341 is divided by 1738.
175
What is the remainder when 22331 is divided by 147?
134
What is the remainder when 791 is divided by 10?
1
Calculate the remainder when 637437 is divided by 20.
17
What is the remainder when 155371 is divided by 16?
11
What is the remainder when 3394 is divided by 1613?
168
What is the remainder when 51244 is divided by 1222?
1142
What is the remainder when 192493 is divided by 15?
13
Calculate the remainder when 28454 is divided by 272.
166
What is the remainder when 8824349 is divided by 2056?
2053
Calculate the remainder when 4903 is divided by 1616.
55
Calculate the remainder when 5146 is divided by 846.
70
Calculate the remainder when 40435 is divided by 633.
556
Calculate the remainder when 9691 is divided by 1593.
133
What is the remainder when 2917 is divided by 942?
91
Calculate the remainder when 19358 is divided by 289.
284
Calculate the remainder when 18114 is divided by 331.
240
What is the remainder when 1211 is divided by 270?
131
What is the remainder when 111992 is divided by 9?
5
What is the remainder when 74370 is divided by 11?
10
Calculate the remainder when 14726 is divided by 4850.
176
Calculate the remainder when 25136 is divided by 5.
1
What is the remainder when 421472 is divided by 706?
696
What is the remainder when 82 is divided by 68?
14
What is the remainder when 3916 is divided by 219?
193
What is the remainder when 53088 is divided by 57?
21
What is the remainder when 4432 is divided by 738?
4
What is the remainder when 742 is divided by 180?
22
What is the remainder when 4479 is divided by 34?
25
Calculate the remainder when 71741 is divided by 66.
65
Calculate the remainder when 3043 is divided by 2806.
237
Calculate the remainder when 94556 is divided by 160.
156
What is the remainder when 5219 is divided by 403?
383
What is the remainder when 1306 is divided by 563?
180
What is the remainder when 31293 is divided by 15636?
21
What is the remainder when 7921261 is divided by 52?
49
What is the remainder when 3401 is divided by 1053?
242
Calculate the remainder when 4099 is divided by 1021.
15
Calculate the remainder when 9517 is divided by 862.
35
Calculate the remainder when 35523 is divided by 240.
3
Calculate the remainder when 3727 is divided by 46.
1
Calculate the remainder when 4164 is divided by 76.
60
What is the remainder when 1135 is divided by 1124?
11
What is the remainder when 69173 is divided by 21?
20
Calculate the remainder when 2106 is divided by 101.
86
What is the remainder when 6787 is divided by 149?
82
What is the remainder when 8954 is divided by 5?
4
What is the remainder when 4164 is divided by 232?
220
What is the remainder when 9214 is divided by 77?
51
What is the remainder when 157923 is divided by 74?
7
Calculate the remainder when 58564 is divided by 454.
452
What is the remainder when 6137 is divided by 3059?
19
What is the remainder when 54628 is divided by 2023?
7
What is the remainder when 17273 is divided by 5596?
485
What is the remainder when 13902 is divided by 662?
0
Calculate the remainder when 1936 is divided by 634.
34
Calculate the remainder when 67022 is divided by 57.
47
Calculate the remainder when 185238 is divided by 785.
763
Calculate the remainder when 2900 is divided by 40.
20
What is the remainder when 22789 is divided by 51?
43
Calculate the remainder when 98983 is divided by 1207.
9
What is the remainder when 6186 is divided by 1887?
525
Calculate the remainder when 1344 is divided by 107.
60
What is the remainder when 24828 is divided by 194?
190
What is the remainder when 3559 is divided by 7?
3
What is the remainder when 9358 is divided by 500?
358
Calculate the remainder when 59561 is divided by 59559.
2
Calculate the remainder when 8853 is divided by 77.
75
Calculate the remainder when 69201 is divided by 98.
13
Calculate the remainder when 147253 is divided by 15.
13
Calculate the remainder when 31162 is divided by 282.
142
Calculate the remainder when 2389 is divided by 186.
157
What is the remainder when 111462 is divided by 34?
10
What is the remainder when 8773 is divided by 1036?
485
Calculate the remainder when 1700 is divided by 5.
0
Calculate the remainder when 2019 is divided by 670.
9
What is the remainder when 294549 is divided by 60?
9
Calculate the remainder when 14566 is divided by 14389.
177
What is the remainder when 68274 is divided by 68263?
11
What is the remainder when 1809 is divided by 336?
129
What is the remainder when 33551 is divided by 11183?
2
What is the remainder when 44873 is divided by 277?
276
What is the remainder when 3218 is divided by 2908?
310
Calculate the remainder when 885706 is divided by 236.
234
What is the remainder when 8988 is divided by 84?
0
Calculate the remainder when 61369 is divided by 386.
381
Calculate the remainder when 8145 is divided by 339.
9
What is the remainder when 372696 is divided by 607?
605
What is the remainder when 168167 is divided by 49?
48
What is the remainder when 2205 is divided by 1101?
3
Calculate the remainder when 379821 is divided by 37981.
11
Calculate the remainder when 26539 is divided by 27.
25
Calculate the remainder when 26408 is divided by 1147.
27
Calculate the remainder when 1792 is divided by 409.
156
Calculate the remainder when 788412 is divided by 49.
2
Calculate the remainder when 50335 is divided by 183.
10
What is the remainder when 11696 is divided by 3861?
113
Calculate the remainder when 3533 is divided by 231.
68
Calculate the remainder when 44616 is divided by 139.
136
Calculate the remainder when 382764 is divided by 76551.
9
What